{"id":87,"date":"2023-01-25T12:11:03","date_gmt":"2023-01-25T12:11:03","guid":{"rendered":"https:\/\/vihannestieto.fi\/?page_id=87"},"modified":"2023-11-30T15:56:08","modified_gmt":"2023-11-30T12:56:08","slug":"tapahtumien-tallenteet","status":"publish","type":"page","link":"https:\/\/vihannestieto.fi\/?page_id=87","title":{"rendered":"Muut tapahtumat"},"content":{"rendered":"\n<div style=\"height:30px\" aria-hidden=\"true\" class=\"wp-block-spacer\"><\/div>\n\n\n\n<h5 class=\"wp-block-heading\">Hankkeen aloitustilaisuus<\/h5>\n\n\n\n<p><strong>Aika: 8.11.2022 keskiviikko klo 12\u201314&nbsp;\/\/ Paikka: Linnunniemen kartano \/ Teams<\/strong><\/p>\n\n\n\n<p><a href=\"https:\/\/vihannestieto.fi\/wp-content\/uploads\/2023\/02\/Vihanneksista-Voimaa-Viljelyyn-Aloitustilaisuus-8.11.2022.pdf\" target=\"_blank\" rel=\"noreferrer noopener\">Ohjelma<\/a><\/p>\n\n\n\n<hr class=\"wp-block-separator has-alpha-channel-opacity is-style-dots\"\/>\n\n\n\n<h5 class=\"wp-block-heading\">virtuaaliset iltap\u00e4iv\u00e4kahvit vihannesviljelyst\u00e4 kiinnostuneille<\/h5>\n\n\n\n<p><strong>Aika: 12.1.2023 torstai klo 13\u201315&nbsp;\/\/ Paikka: Teams<\/strong><\/p>\n\n\n\n<p><em>Tilaisuudessa tutustutaan ja verkostoidutaan kaikkien vihannesviljelyst\u00e4 kiinnostuneiden kesken. Luvassa vapaamuotoista keskustelua ja toiveita hankkeen toimintaan liittyen.<br>Tavoitteena olisi tehd\u00e4 n\u00e4ist\u00e4 yhteisist\u00e4 vapaamuotoisista osallistujien tapaamisista s\u00e4\u00e4nn\u00f6llisi\u00e4, jolloin loisimme verkostoja teid\u00e4n keskuuteen.<\/em><\/p>\n\n\n\n<hr class=\"wp-block-separator has-alpha-channel-opacity is-style-dots\"\/>\n\n\n\n<h5 class=\"wp-block-heading\">tilavierailu purom\u00e4en puutarhalle<\/h5>\n\n\n\n<p><strong>Aika: 7.6.2023 keskiviikko klo 9-12 \/\/ Paikka: Roukalahdentie 54, 83100 Liperi<\/strong><\/p>\n\n\n\n<p><a rel=\"noreferrer noopener\" href=\"https:\/\/vihannestieto.fi\/wp-content\/uploads\/2023\/06\/VVV_1.esittelytilaisuus-tilavierailu.pdf\" data-type=\"URL\" data-id=\"https:\/\/vihannestieto.fi\/wp-content\/uploads\/2023\/06\/VVV_1.esittelytilaisuus-tilavierailu.pdf\" target=\"_blank\">Esite ja ilmoittautuminen: PDF-tiedosto<\/a><\/p>\n\n\n\n<hr class=\"wp-block-separator has-alpha-channel-opacity is-style-dots\"\/>\n\n\n\n<h5 class=\"wp-block-heading\">Pellonpiennarp\u00e4iv\u00e4 R\u00e4\u00e4kkyl\u00e4ss\u00e4 <\/h5>\n\n\n\n<p><strong>Aika: 22.6.2023 torstai klo 9-12 \/\/ Paikka: eri kohteita R\u00e4\u00e4kkyl\u00e4ss\u00e4<\/strong><\/p>\n\n\n\n<p><a rel=\"noreferrer noopener\" href=\"https:\/\/vihannestieto.fi\/wp-content\/uploads\/2023\/06\/VVV_2.esittelytilaisuus-pellonpiennarpaivat-Raakkylassa.pdf\" data-type=\"URL\" data-id=\"https:\/\/vihannestieto.fi\/wp-content\/uploads\/2023\/06\/VVV_2.esittelytilaisuus-pellonpiennarpaivat-Raakkylassa.pdf\" target=\"_blank\">Esite ja ilmoittautuminen: PDF-tiedosto<\/a><\/p>\n\n\n\n<hr class=\"wp-block-separator has-alpha-channel-opacity is-style-dots\"\/>\n\n\n\n<h5 class=\"wp-block-heading has-vivid-red-color has-text-color\">PERUTTU: <s>Esittelytilaisuus kumppanuusmaatalouden minitila, puutarhatila Viherkettu CSA<\/s><\/h5>\n\n\n\n<p><strong><s>Aika: 10.8.2023 torstai klo 9-12 \/\/ Paikka: Yl\u00e4viekintie 199, 81860 Lieksa<\/s><\/strong><\/p>\n\n\n\n<p><a rel=\"noreferrer noopener\" href=\"https:\/\/vihannestieto.fi\/wp-content\/uploads\/2023\/07\/VVV_3.esittelytilaisuus-Puutarhatila-Viherkettu-CSA.pdf\" data-type=\"URL\" target=\"_blank\"><s>Esite ja ilmoittautuminen: PDF-tiedosto<\/s><\/a><\/p>\n\n\n\n<p>Uudesta mahdollisesta ajankohdasta ilmoitamme erikseen.<\/p>\n\n\n\n<hr class=\"wp-block-separator has-alpha-channel-opacity is-style-dots\"\/>\n\n\n\n<h5 class=\"wp-block-heading has-vivid-red-color has-text-color\">PERUTTU: <s>ESITTELYTILAISUUS Sadonkorjuuty\u00f6n\u00e4yt\u00f6s R\u00e4\u00e4kkyl\u00e4ss\u00e4, varastointiin tutustuminen<\/s><\/h5>\n\n\n\n<p><strong><s>Aika: 4.10.2023 keskiviikko klo 9-12 \/\/ Paikka: Oravisalon kuivatusalue, R\u00e4\u00e4kkyl\u00e4<\/s><\/strong><\/p>\n\n\n\n<p><strong><a rel=\"noreferrer noopener\" href=\"https:\/\/vihannestieto.fi\/wp-content\/uploads\/2023\/09\/VVV_4.esittelytilaisuus-sadonkorjuun-pellonpiennarpaiva-Raakkylassa.pdf\" data-type=\"attachment\" data-id=\"832\" target=\"_blank\"><s>Esite, PDF-tiedosto<\/s><\/a><\/strong><\/p>\n\n\n\n<p><s><strong>Ilmoittautuminen:<\/strong> s\u00e4hk\u00f6postitse tanja.lamminsalo@riveria.fi tai puhelimitse 050&nbsp;302 7446<\/s><\/p>\n\n\n\n<p><s>HUOM! Tilaisuus j\u00e4rjestet\u00e4\u00e4n <strong>s\u00e4\u00e4varauksella<\/strong>.<\/s><\/p>\n\n\n\n<p><s><em>Vihanneksista voimaa viljelyyn -hankkeen esittelytilaisuus j\u00e4rjestet\u00e4\u00e4n R\u00e4\u00e4kkyl\u00e4ss\u00e4, jossa p\u00e4\u00e4semme seuraamaan vihannesten sadonkorjuuta. Paikalle saavutaan omin kyydein<\/em>.<\/s><\/p>\n\n\n\n<p><em><s>Kohteemme on vihannesviljelij\u00e4 Asko Lamminsalon Oravisalon kuivatusalueella sijaitseva peltolohko. Samalla voimme tutustua muihin lohkon vihanneskasvustoihin. Pellolta siirrymme seuraamaan mihin nostettu sato varastoidaan ja kurkistamaan my\u00f6s vihannesten k\u00e4sittelytiloihin.<\/s><\/em><\/p>\n\n\n\n<p><em><s><strong>Tilaisuudessa on s\u00e4\u00e4varaus.<\/strong> Esittelytilaisuuteen osallistuminen edellytt\u00e4\u00e4 ilmoittautumista. Tarkemmat ohjeet p\u00e4iv\u00e4n kulusta ajo-ohjeineen l\u00e4hetet\u00e4\u00e4n ilmoittautuneille. Tilaisuus on maksuton ja kohdennettu hankkeen kohderyhm\u00e4lle.<\/s><\/em><\/p>\n\n\n\n<hr class=\"wp-block-separator has-alpha-channel-opacity is-style-dots\"\/>\n\n\n\n<h5 class=\"wp-block-heading\">ESITTELYTILAISUUS: Vihannesten jatkojalostus, yritysvierailut<\/h5>\n\n\n\n<p><strong>Aika: 25.10. klo 8-16 \/\/ Paikka: Puhakan Juureskuorimo ja Lieksan Laatuherkut<\/strong><\/p>\n\n\n\n<p><strong>Ilmoittautuminen ja lis\u00e4tiedot<\/strong>: s\u00e4hk\u00f6postitse <a href=\"mailto:tanja.lamminsalo@riveria.fi\">tanja.lamminsalo@riveria.fi<\/a> &nbsp;tai puhelimitse: 050&nbsp;302 7446<\/p>\n\n\n\n<p><em>P\u00e4\u00e4semme tutustumaan vihannesten jatkojalostukseen. Ensin vierailemme Puhakan juureskuorimolla Enossa, josta matkaamme Lieksaan. Lieksassa nautimme omakustanteisen lounaan ennen siirtymist\u00e4 Lieksan Laatuherkuille. Mukaan mahtuu 15 henkil\u00f6\u00e4. Mahdollisuus kimppakyytiin, l\u00e4ht\u00f6 klo 8:00 Riveria Peltola. Ilmoittautuneille l\u00e4hetet\u00e4\u00e4n tarkempi ohjelma.<\/em><\/p>\n\n\n\n<hr class=\"wp-block-separator has-alpha-channel-opacity is-style-dots\"\/>\n\n\n\n<h5 class=\"wp-block-heading\">Vihanneksista voimaa viljelyyn -hankkeen P\u00e4\u00e4t\u00f6stilaisuus<\/h5>\n\n\n\n<p><strong>Aika: 30.11. klo 12\u201314 \/\/ Paikka: Teams<\/strong><\/p>\n\n\n\n<p><a href=\"https:\/\/vihannestieto.fi\/wp-content\/uploads\/2023\/11\/vvv_paatostilaisuus_30112023_paivitetty.pdf\" data-type=\"link\" data-id=\"https:\/\/vihannestieto.fi\/wp-content\/uploads\/2023\/11\/Ohjelma-30.11.2023.pdf\" target=\"_blank\" rel=\"noreferrer noopener\"><strong>P\u00e4ivitetty ohjelma, PDF-tiedosto<\/strong><\/a><\/p>\n\n\n\n<p><strong>Ohjelma<\/strong><em><\/em><\/p>\n\n\n\n<p><a href=\"https:\/\/vihannestieto.fi\/wp-content\/uploads\/2023\/11\/Paatostilaisuuden-30.11.2023-esitys.pdf\" data-type=\"link\" data-id=\"https:\/\/vihannestieto.fi\/wp-content\/uploads\/2023\/11\/Paatostilaisuuden-30.11.2023-esitys.pdf\" target=\"_blank\" rel=\"noreferrer noopener\"><strong>Tilaisuuden avaus<\/strong>, <em>projektiasiantuntija Tanja Lamminsalo, Riveria<\/em>, PDF-tiedosto<\/a><\/p>\n\n\n\n<p><a href=\"https:\/\/vihannestieto.fi\/wp-content\/uploads\/2023\/11\/LUKE_Visioista-tulevaisuuteen.pdf\" data-type=\"link\" data-id=\"https:\/\/vihannestieto.fi\/wp-content\/uploads\/2023\/11\/LUKE_Visioista-tulevaisuuteen.pdf\" target=\"_blank\" rel=\"noreferrer noopener\"><strong>Voisiko Pohjois-Karjalasta kehitty\u00e4 vihannesmaakunta?\u00a0\u201dVisioista yhteiseen toimintasuunnitelmaan\u201d<\/strong>, <em>erikoistutkija Susanne Heiska, Luonnonvarakeskus<\/em>, PDF-tiedosto<\/a><\/p>\n\n\n\n<p><strong>Avomaan vihannesviljely k\u00e4yt\u00e4nn\u00f6ss\u00e4, viljelij\u00e4puheenvuoro<\/strong>, <em>Elina Vehvil\u00e4inen-Liikka, Pekka Vehvil\u00e4inen<\/em><\/p>\n\n\n\n<p><strong>Vihannesviljelyn aloittaminen mieless\u00e4, kokemukset hankkeesta<\/strong>, <em>Mari Kalliom\u00e4ki, mahdollinen uusi vihannesten viljelij\u00e4<\/em><\/p>\n\n\n\n<p><a href=\"https:\/\/vihannestieto.fi\/wp-content\/uploads\/2023\/11\/Vihanneksista-voimaa30112023.pdf\" data-type=\"link\" data-id=\"https:\/\/vihannestieto.fi\/wp-content\/uploads\/2023\/11\/Vihanneksista-voimaa30112023.pdf\" target=\"_blank\" rel=\"noreferrer noopener\"><strong>Rahoitusmahdollisuudet vihannesviljelyss\u00e4<\/strong>, <em>Tapio Leinonen, Pohjois-Karjalan ELY-keskus<\/em>, PDF-tiedosto<\/a><\/p>\n\n\n\n<p><strong>Koulutustarpeet vihannesviljelyss\u00e4, miten yhdist\u00e4\u00e4 matkailu ja viljely?<\/strong> <em>viljelij\u00e4 Hanne Kinnunen,\u00a0Purom\u00e4en puutarha<\/em><\/p>\n\n\n\n<p><strong>Toiveet tulevaisuuteen \u2013 loppukeskustelu<\/strong><\/p>\n","protected":false},"excerpt":{"rendered":"<p>Hankkeen aloitustilaisuus Aika: 8.11.2022 keskiviikko klo 12\u201314&nbsp;\/\/ Paikka: Linnunniemen kartano \/ Teams Ohjelma virtuaaliset iltap\u00e4iv\u00e4kahvit vihannesviljelyst\u00e4 kiinnostuneille Aika: 12.1.2023 torstai klo 13\u201315&nbsp;\/\/ Paikka: Teams Tilaisuudessa tutustutaan ja verkostoidutaan kaikkien vihannesviljelyst\u00e4 [&hellip;]<\/p>\n","protected":false},"author":1,"featured_media":0,"parent":27,"menu_order":0,"comment_status":"closed","ping_status":"closed","template":"","meta":{"_EventAllDay":false,"_EventTimezone":"","_EventStartDate":"","_EventEndDate":"","_EventStartDateUTC":"","_EventEndDateUTC":"","_EventShowMap":false,"_EventShowMapLink":false,"_EventURL":"","_EventCost":"","_EventCostDescription":"","_EventCurrencySymbol":"","_EventCurrencyCode":"","_EventCurrencyPosition":"","_EventDateTimeSeparator":"","_EventTimeRangeSeparator":"","_EventOrganizerID":[],"_EventVenueID":[],"_OrganizerEmail":"","_OrganizerPhone":"","_OrganizerWebsite":"","_VenueAddress":"","_VenueCity":"","_VenueCountry":"","_VenueProvince":"","_VenueState":"","_VenueZip":"","_VenuePhone":"","_VenueURL":"","_VenueStateProvince":"","_VenueLat":"","_VenueLng":"","_VenueShowMap":false,"_VenueShowMapLink":false,"footnotes":""},"class_list":["post-87","page","type-page","status-publish","hentry"],"_links":{"self":[{"href":"https:\/\/vihannestieto.fi\/index.php?rest_route=\/wp\/v2\/pages\/87","targetHints":{"allow":["GET"]}}],"collection":[{"href":"https:\/\/vihannestieto.fi\/index.php?rest_route=\/wp\/v2\/pages"}],"about":[{"href":"https:\/\/vihannestieto.fi\/index.php?rest_route=\/wp\/v2\/types\/page"}],"author":[{"embeddable":true,"href":"https:\/\/vihannestieto.fi\/index.php?rest_route=\/wp\/v2\/users\/1"}],"replies":[{"embeddable":true,"href":"https:\/\/vihannestieto.fi\/index.php?rest_route=%2Fwp%2Fv2%2Fcomments&post=87"}],"version-history":[{"count":31,"href":"https:\/\/vihannestieto.fi\/index.php?rest_route=\/wp\/v2\/pages\/87\/revisions"}],"predecessor-version":[{"id":969,"href":"https:\/\/vihannestieto.fi\/index.php?rest_route=\/wp\/v2\/pages\/87\/revisions\/969"}],"up":[{"embeddable":true,"href":"https:\/\/vihannestieto.fi\/index.php?rest_route=\/wp\/v2\/pages\/27"}],"wp:attachment":[{"href":"https:\/\/vihannestieto.fi\/index.php?rest_route=%2Fwp%2Fv2%2Fmedia&parent=87"}],"curies":[{"name":"wp","href":"https:\/\/api.w.org\/{rel}","templated":true}]}}

<div style="height:30px" aria-hidden="true" class="wp-block-spacer"></div>



<h5 class="wp-block-heading">Hankkeen aloitustilaisuus</h5>



<p><strong>Aika: 8.11.2022 keskiviikko klo 12–14&nbsp;// Paikka: Linnunniemen kartano / Teams</strong></p>



<p><a href="https://vihannestieto.fi/wp-content/uploads/2023/02/Vihanneksista-Voimaa-Viljelyyn-Aloitustilaisuus-8.11.2022.pdf" target="_blank" rel="noreferrer noopener">Ohjelma</a></p>



<hr class="wp-block-separator has-alpha-channel-opacity is-style-dots"/>



<h5 class="wp-block-heading">virtuaaliset iltapäiväkahvit vihannesviljelystä kiinnostuneille</h5>



<p><strong>Aika: 12.1.2023 torstai klo 13–15&nbsp;// Paikka: Teams</strong></p>



<p><em>Tilaisuudessa tutustutaan ja verkostoidutaan kaikkien vihannesviljelystä kiinnostuneiden kesken. Luvassa vapaamuotoista keskustelua ja toiveita hankkeen toimintaan liittyen.<br>Tavoitteena olisi tehdä näistä yhteisistä vapaamuotoisista osallistujien tapaamisista säännöllisiä, jolloin loisimme verkostoja teidän keskuuteen.</em></p>



<hr class="wp-block-separator has-alpha-channel-opacity is-style-dots"/>



<h5 class="wp-block-heading">tilavierailu puromäen puutarhalle</h5>



<p><strong>Aika: 7.6.2023 keskiviikko klo 9-12 // Paikka: Roukalahdentie 54, 83100 Liperi</strong></p>



<p><a rel="noreferrer noopener" href="https://vihannestieto.fi/wp-content/uploads/2023/06/VVV_1.esittelytilaisuus-tilavierailu.pdf" data-type="URL" data-id="https://vihannestieto.fi/wp-content/uploads/2023/06/VVV_1.esittelytilaisuus-tilavierailu.pdf" target="_blank">Esite ja ilmoittautuminen: PDF-tiedosto</a></p>



<hr class="wp-block-separator has-alpha-channel-opacity is-style-dots"/>



<h5 class="wp-block-heading">Pellonpiennarpäivä Rääkkylässä </h5>



<p><strong>Aika: 22.6.2023 torstai klo 9-12 // Paikka: eri kohteita Rääkkylässä</strong></p>



<p><a rel="noreferrer noopener" href="https://vihannestieto.fi/wp-content/uploads/2023/06/VVV_2.esittelytilaisuus-pellonpiennarpaivat-Raakkylassa.pdf" data-type="URL" data-id="https://vihannestieto.fi/wp-content/uploads/2023/06/VVV_2.esittelytilaisuus-pellonpiennarpaivat-Raakkylassa.pdf" target="_blank">Esite ja ilmoittautuminen: PDF-tiedosto</a></p>



<hr class="wp-block-separator has-alpha-channel-opacity is-style-dots"/>



<h5 class="wp-block-heading has-vivid-red-color has-text-color">PERUTTU: <s>Esittelytilaisuus kumppanuusmaatalouden minitila, puutarhatila Viherkettu CSA</s></h5>



<p><strong><s>Aika: 10.8.2023 torstai klo 9-12 // Paikka: Yläviekintie 199, 81860 Lieksa</s></strong></p>



<p><a rel="noreferrer noopener" href="https://vihannestieto.fi/wp-content/uploads/2023/07/VVV_3.esittelytilaisuus-Puutarhatila-Viherkettu-CSA.pdf" data-type="URL" target="_blank"><s>Esite ja ilmoittautuminen: PDF-tiedosto</s></a></p>



<p>Uudesta mahdollisesta ajankohdasta ilmoitamme erikseen.</p>



<hr class="wp-block-separator has-alpha-channel-opacity is-style-dots"/>



<h5 class="wp-block-heading has-vivid-red-color has-text-color">PERUTTU: <s>ESITTELYTILAISUUS Sadonkorjuutyönäytös Rääkkylässä, varastointiin tutustuminen</s></h5>



<p><strong><s>Aika: 4.10.2023 keskiviikko klo 9-12 // Paikka: Oravisalon kuivatusalue, Rääkkylä</s></strong></p>



<p><strong><a rel="noreferrer noopener" href="https://vihannestieto.fi/wp-content/uploads/2023/09/VVV_4.esittelytilaisuus-sadonkorjuun-pellonpiennarpaiva-Raakkylassa.pdf" data-type="attachment" data-id="832" target="_blank"><s>Esite, PDF-tiedosto</s></a></strong></p>



<p><s><strong>Ilmoittautuminen:</strong> sähköpostitse tanja.lamminsalo@riveria.fi tai puhelimitse 050&nbsp;302 7446</s></p>



<p><s>HUOM! Tilaisuus järjestetään <strong>säävarauksella</strong>.</s></p>



<p><s><em>Vihanneksista voimaa viljelyyn -hankkeen esittelytilaisuus järjestetään Rääkkylässä, jossa pääsemme seuraamaan vihannesten sadonkorjuuta. Paikalle saavutaan omin kyydein</em>.</s></p>



<p><em><s>Kohteemme on vihannesviljelijä Asko Lamminsalon Oravisalon kuivatusalueella sijaitseva peltolohko. Samalla voimme tutustua muihin lohkon vihanneskasvustoihin. Pellolta siirrymme seuraamaan mihin nostettu sato varastoidaan ja kurkistamaan myös vihannesten käsittelytiloihin.</s></em></p>



<p><em><s><strong>Tilaisuudessa on säävaraus.</strong> Esittelytilaisuuteen osallistuminen edellyttää ilmoittautumista. Tarkemmat ohjeet päivän kulusta ajo-ohjeineen lähetetään ilmoittautuneille. Tilaisuus on maksuton ja kohdennettu hankkeen kohderyhmälle.</s></em></p>



<hr class="wp-block-separator has-alpha-channel-opacity is-style-dots"/>



<h5 class="wp-block-heading">ESITTELYTILAISUUS: Vihannesten jatkojalostus, yritysvierailut</h5>



<p><strong>Aika: 25.10. klo 8-16 // Paikka: Puhakan Juureskuorimo ja Lieksan Laatuherkut</strong></p>



<p><strong>Ilmoittautuminen ja lisätiedot</strong>: sähköpostitse <a href="mailto:tanja.lamminsalo@riveria.fi">tanja.lamminsalo@riveria.fi</a> &nbsp;tai puhelimitse: 050&nbsp;302 7446</p>



<p><em>Pääsemme tutustumaan vihannesten jatkojalostukseen. Ensin vierailemme Puhakan juureskuorimolla Enossa, josta matkaamme Lieksaan. Lieksassa nautimme omakustanteisen lounaan ennen siirtymistä Lieksan Laatuherkuille. Mukaan mahtuu 15 henkilöä. Mahdollisuus kimppakyytiin, lähtö klo 8:00 Riveria Peltola. Ilmoittautuneille lähetetään tarkempi ohjelma.</em></p>



<hr class="wp-block-separator has-alpha-channel-opacity is-style-dots"/>



<h5 class="wp-block-heading">Vihanneksista voimaa viljelyyn -hankkeen Päätöstilaisuus</h5>



<p><strong>Aika: 30.11. klo 12–14 // Paikka: Teams</strong></p>



<p><a href="https://vihannestieto.fi/wp-content/uploads/2023/11/vvv_paatostilaisuus_30112023_paivitetty.pdf" data-type="link" data-id="https://vihannestieto.fi/wp-content/uploads/2023/11/Ohjelma-30.11.2023.pdf" target="_blank" rel="noreferrer noopener"><strong>Päivitetty ohjelma, PDF-tiedosto</strong></a></p>



<p><strong>Ohjelma</strong><em></em></p>



<p><a href="https://vihannestieto.fi/wp-content/uploads/2023/11/Paatostilaisuuden-30.11.2023-esitys.pdf" data-type="link" data-id="https://vihannestieto.fi/wp-content/uploads/2023/11/Paatostilaisuuden-30.11.2023-esitys.pdf" target="_blank" rel="noreferrer noopener"><strong>Tilaisuuden avaus</strong>, <em>projektiasiantuntija Tanja Lamminsalo, Riveria</em>, PDF-tiedosto</a></p>



<p><a href="https://vihannestieto.fi/wp-content/uploads/2023/11/LUKE_Visioista-tulevaisuuteen.pdf" data-type="link" data-id="https://vihannestieto.fi/wp-content/uploads/2023/11/LUKE_Visioista-tulevaisuuteen.pdf" target="_blank" rel="noreferrer noopener"><strong>Voisiko Pohjois-Karjalasta kehittyä vihannesmaakunta? ”Visioista yhteiseen toimintasuunnitelmaan”</strong>, <em>erikoistutkija Susanne Heiska, Luonnonvarakeskus</em>, PDF-tiedosto</a></p>



<p><strong>Avomaan vihannesviljely käytännössä, viljelijäpuheenvuoro</strong>, <em>Elina Vehviläinen-Liikka, Pekka Vehviläinen</em></p>



<p><strong>Vihannesviljelyn aloittaminen mielessä, kokemukset hankkeesta</strong>, <em>Mari Kalliomäki, mahdollinen uusi vihannesten viljelijä</em></p>



<p><a href="https://vihannestieto.fi/wp-content/uploads/2023/11/Vihanneksista-voimaa30112023.pdf" data-type="link" data-id="https://vihannestieto.fi/wp-content/uploads/2023/11/Vihanneksista-voimaa30112023.pdf" target="_blank" rel="noreferrer noopener"><strong>Rahoitusmahdollisuudet vihannesviljelyssä</strong>, <em>Tapio Leinonen, Pohjois-Karjalan ELY-keskus</em>, PDF-tiedosto</a></p>



<p><strong>Koulutustarpeet vihannesviljelyssä, miten yhdistää matkailu ja viljely?</strong> <em>viljelijä Hanne Kinnunen, Puromäen puutarha</em></p>



<p><strong>Toiveet tulevaisuuteen – loppukeskustelu</strong></p>

<p>Hankkeen aloitustilaisuus Aika: 8.11.2022 keskiviikko klo 12–14&nbsp;// Paikka: Linnunniemen kartano / Teams Ohjelma virtuaaliset iltapäiväkahvit vihannesviljelystä kiinnostuneille Aika: 12.1.2023 torstai klo 13–15&nbsp;// Paikka: Teams Tilaisuudessa tutustutaan ja verkostoidutaan kaikkien vihannesviljelystä [&hellip;]</p>
